
Calculate the greatest common divisor of 28450994 and 31.
31
What is the greatest common divisor of 91 and 60016450?
13
Calculate the greatest common factor of 706896 and 1584.
144
Calculate the highest common divisor of 44828101 and 461.
461
Calculate the greatest common divisor of 184758 and 585438.
2226
What is the highest common factor of 2235 and 37649916?
447
Calculate the greatest common divisor of 4 and 419670476.
4
What is the highest common divisor of 102630 and 10538?
22
What is the greatest common factor of 470 and 801397?
47
Calculate the greatest common divisor of 21 and 47831.
7
Calculate the highest common factor of 51 and 31436553.
51
Calculate the highest common factor of 16890522 and 2046.
66
What is the greatest common factor of 8881510 and 1382854?
5786
What is the greatest common divisor of 10165467 and 159393?
2379
Calculate the greatest common factor of 65 and 4420559.
13
What is the highest common divisor of 11709211 and 153895?
4397
What is the greatest common divisor of 867210 and 1958415?
2055
What is the highest common divisor of 384567 and 96?
3
What is the highest common divisor of 105364 and 96831?
371
Calculate the greatest common factor of 3325 and 15855.
35
What is the greatest common factor of 13728 and 759792?
528
What is the greatest common divisor of 10 and 517995835?
5
What is the highest common divisor of 30 and 65640030?
30
What is the greatest common divisor of 45 and 80285?
5
What is the highest common divisor of 65076 and 75961644?
2244
Calculate the highest common divisor of 54303 and 4903797.
2361
Calculate the greatest common factor of 986689488 and 24.
24
What is the greatest common divisor of 28580690 and 430?
10
What is the highest common factor of 11081265 and 195?
195
Calculate the highest common divisor of 4324 and 120382322.
2162
What is the greatest common factor of 234331638 and 102?
102
Calculate the highest common factor of 2942865 and 3645.
135
What is the highest common divisor of 13158 and 943398?
306
Calculate the greatest common factor of 11020107 and 174858.
579
What is the greatest common divisor of 4168 and 68447417?
521
What is the greatest common divisor of 3479241 and 88437?
2157
Calculate the highest common divisor of 16 and 1282782752.
16
What is the greatest common divisor of 104304408 and 59100?
2364
What is the greatest common factor of 520 and 235911?
13
Calculate the greatest common factor of 578 and 85687922.
578
Calculate the highest common divisor of 126019746 and 71.
71
Calculate the greatest common factor of 533 and 149591.
13
Calculate the highest common factor of 30 and 45160215.
15
Calculate the highest common divisor of 89096407 and 37.
37
What is the greatest common divisor of 313235 and 114985?
3965
Calculate the greatest common divisor of 3371325 and 20484.
1707
What is the greatest common factor of 1249224 and 408?
24
What is the highest common factor of 310 and 256430?
10
What is the greatest common factor of 144 and 61995564?
36
Calculate the highest common divisor of 231 and 3565849.
7
Calculate the greatest common divisor of 17 and 4799834213.
17
What is the highest common divisor of 400 and 4890224?
16
What is the highest common divisor of 225 and 22839900?
75
What is the highest common factor of 116948 and 148604924?
8996
Calculate the greatest common factor of 117 and 48547031.
13
What is the greatest common divisor of 10234 and 6080458?
1462
What is the highest common factor of 11200 and 8301125?
175
What is the highest common divisor of 4940 and 5446?
2
Calculate the highest common factor of 74663448 and 846.
282
Calculate the highest common factor of 1971564 and 9926.
14
What is the highest common factor of 2371039 and 6383?
491
What is the highest common divisor of 55152461 and 29029?
2639
Calculate the greatest common factor of 11078 and 188558.
58
Calculate the greatest common factor of 7742805 and 485.
5
Calculate the highest common divisor of 2034 and 7037979.
339
What is the highest common divisor of 744 and 840696?
24
What is the greatest common factor of 28695966 and 12529?
1139
What is the highest common divisor of 577136 and 13944?
56
What is the greatest common factor of 13509 and 192546?
171
Calculate the highest common divisor of 27384 and 3144.
24
Calculate the highest common factor of 59961 and 30050889.
2607
Calculate the highest common factor of 10109 and 2507951.
919
What is the highest common divisor of 21539 and 2973649?
1267
Calculate the greatest common divisor of 4830 and 2018370060.
4830
Calculate the highest common factor of 328950 and 145512.
774
What is the highest common factor of 41218080 and 320?
160
Calculate the highest common divisor of 1566550 and 803624.
646
What is the greatest common factor of 37515 and 295118?
2501
What is the greatest common factor of 99 and 5200527?
3
Calculate the greatest common divisor of 91206 and 1602.
18
Calculate the greatest common divisor of 3042982 and 98.
2
What is the highest common divisor of 2210527 and 88?
11
Calculate the highest common divisor of 286823075 and 3850.
1925
Calculate the highest common factor of 153 and 1298169.
9
Calculate the highest common factor of 833658692 and 37.
37
What is the greatest common divisor of 742460059 and 41151?
13717
What is the greatest common divisor of 422660 and 6340?
20
Calculate the greatest common divisor of 43846 and 6446.
22
What is the greatest common divisor of 8256 and 23289144?
1032
Calculate the greatest common factor of 45 and 56960.
5
Calculate the greatest common divisor of 1193469 and 11439.
3813
What is the greatest common factor of 562772985 and 1467?
489
What is the greatest common divisor of 1069137 and 824166?
1899
Calculate the greatest common divisor of 716078836 and 4.
4
Calculate the highest common factor of 323 and 194085209.
323
What is the highest common factor of 6 and 1489110?
6
What is the highest common divisor of 7333 and 16699?
1
Calculate the greatest common factor of 7636640 and 9504.
352
What is the highest common divisor of 370 and 154455575?
185
Calculate the highest common factor of 9462 and 93209.
83
Calculate the highest common divisor of 128 and 46997744.
16
What is the greatest common factor of 916822503 and 71?
71
What is the greatest common factor of 431546830 and 15964?
7982
What is the greatest common divisor of 184392 and 3154528?
104
What is the greatest common factor of 10798298 and 34?
34
Calculate the highest common divisor of 360 and 666240.
120
What is the greatest common factor of 120181656 and 168?
168
Calculate the greatest common factor of 195575 and 1350.
25
Calculate the greatest common factor of 57 and 190803567.
57
What is the greatest common factor of 166389 and 6549?
111
Calculate the greatest common divisor of 765 and 610392735.
765
Calculate the greatest common factor of 90780 and 62389.
89
Calculate the highest common factor of 1259440 and 1358560.
560
What is the highest common divisor of 243 and 59118417?
81
What is the greatest common factor of 1870 and 344030?
10
What is the greatest common divisor of 117734145 and 1?
1
What is the greatest common divisor of 60808 and 37136?
88
Calculate the highest common factor of 84 and 2895793908.
84
Calculate the highest common divisor of 224 and 4223176.
8
What is the highest common divisor of 1083120 and 60240?
240
Calculate the greatest common divisor of 989919 and 1953.
63
What is the highest common factor of 3991273 and 1573?
143
What is the highest common divisor of 36350 and 34400?
50
Calculate the greatest common factor of 530 and 312435.
265
What is the greatest common factor of 3479526 and 3978?
306
What is the greatest common factor of 81741338 and 60382?
3178
Calculate the greatest common factor of 139 and 23247611.
139
What is the greatest common divisor of 12701 and 40769233?
977
Calculate the greatest common factor of 350214936 and 558.
186
Calculate the greatest common divisor of 2895497 and 209.
11
What is the greatest common factor of 420 and 556095?
15
Calculate the greatest common divisor of 106975 and 4800400.
275
What is the highest common factor of 1850 and 1506825?
925
What is the greatest common factor of 22726 and 90046?
22
What is the greatest common factor of 210 and 20269130?
70
What is the gr